. What is the highest common factor of q and w?
27
Let d(y) = -32*y + 11. Let s be d(-15). Suppose 5*u - s = -51. Calculate the highest common divisor of 8 and u.
8
Suppose 2*y = -2*y + 480. Suppose 318 = 9*a + 102. Calculate the highest common factor of y and a.
24
Let d be 503/9 - (-74)/666. Let g = -38 - -80. Calculate the greatest common factor of g and d.
14
Let c = 12 + -11. Suppose 3*t = 16 - c. Suppose -t - 2 = -i. What is the greatest common factor of i and 35?
7
Suppose 4*g = -4*s + s + 92, 5*g + 3*s = 112. Let c = -8674 - -8678. What is the greatest common divisor of g and c?
4
Suppose -3*o = -4*m - 19, 4 + 10 = -4*m + 2*o. Let p be ((-95)/(-76))/(m/(-24)). What is the highest common divisor of p and 210?
30
Suppose 1095 = 4*y - 0*y - r, -3*y + r = -820. What is the greatest common divisor of y and 100?
25
Let g be ((-29)/(-1))/(4/32). Let s(b) = -23*b - 523. Let n be s(-24). What is the greatest common factor of g and n?
29
Suppose -3*l + 3*c = -4*l + 1, 0 = -2*l - 5*c. Let j be ((-15)/l)/((-1)/(-7)). Calculate the greatest common divisor of 14 and j.
7
Suppose -2*u = 12*u - 644. Calculate the greatest common factor of u and 138.
46
Let d be 2/4*(7 - -3) - -35. Suppose -5*w + 69 = -11. What is the greatest common divisor of w and d?
8
Let z(b) = 12 - b**3 + 20*b**2 - 17 + 13 + 12 + 2*b. Let c be z(20). What is the highest common factor of 10 and c?
10
Suppose 2*m + 13 = 63. What is the highest common factor of 75 and m?
25
Suppose -v + 4*v = 162. Let i be (3 + (-5)/3)/(2/9). What is the greatest common factor of v and i?
6
Suppose 0 = -4*c - 5*s + 95, -5*c - 5*s = -90 - 25. What is the highest common divisor of 1820 and c?
20
Let d = 488 + -454. Calculate the highest common factor of 10 and d.
2
Let q(l) = -3*l**3 - 34*l**2 - 14*l + 27. Let x be q(-11). What is the greatest common factor of 60 and x?
60
Suppose -9*b + 292 - 67 = 0. Calculate the greatest common divisor of b and 25.
25
Let t be -91 - (4 + -5 + 1). Let v = -82 - t. Let j = -7 + 10. Calculate the highest common factor of v and j.
3
Suppose 3*f + 2*f - 3*h = 1290, -f + 265 = -2*h. Suppose -2*w = -4*b - 90, 2*w + 1 = -2*b + 109. Calculate the greatest common factor of f and w.
51
Let i = -330 + 435. What is the highest common factor of i and 120?
15
Let f(q) = -4*q + 4. Let t(a) = 3*a - 4. Let y(g) = -4*f(g) - 5*t(g). Let n be y(10). Calculate the greatest common factor of n and 14.
14
Suppose -5*s - 626 = -3*j, -4*s = -0*j + j - 237. What is the highest common divisor of 31 and j?
31
Let l(p) = p**2 - 5*p + 4. Let z be l(7). Let s be 11 + -14 + 1*7. Suppose s*m + z = 6*m. Calculate the greatest common factor of m and 6.
3
Suppose 2*s - 4*i = -4 + 50, 61 = 3*s + 2*i. Suppose m + 82 = 250. What is the highest common factor of m and s?
21
Suppose 0 = -13*c + 87 + 602. Let s = -150 + 362. Calculate the greatest common factor of s and c.
53
Let o be (-10848)/(-72) + 12/9. Calculate the highest common divisor of o and 38.
38
Let c = 13 - 15. Let j be c/4*187*-2. Let n(g) = 2*g**2 + 4*g + 1. Let z be n(-4). What is the greatest common divisor of z and j?
17
Suppose -10*p = 5*p - 1785. Calculate the greatest common factor of p and 17.
17
Suppose 4*w - 380 = -0*w. Suppose 5*c + 2*b - w = 0, -4*b + 19 = -3*c + 4*c. Let x be ((-228)/14)/((-1)/7). Calculate the greatest common factor of c and x.
19
Let k = -115 + 574. Calculate the greatest common divisor of k and 27.
27
Let k(b) = 5*b + 4*b**2 + 17*b - 8 + 0 - 6*b**2. Let i be k(9). Let a(d) = d**2 + 7. Let f be a(0). Calculate the highest common divisor of i and f.
7
Let w = -2485 - -2523. What is the greatest common factor of 4408 and w?
38
Let t(m) = m**2 - 6*m + 7. Let g be 2*3/6*5. Let y be t(g). Let i be (20/6)/((-3)/(-9)). Calculate the highest common factor of i and y.
2
Let u be (-4)/22 - (-70)/22. Let o = u + -11. Let i(k) = -2*k - 11. Let n be i(o). What is the greatest common factor of 40 and n?
5
Let h(u) = 137 - 136 - 135*u + 351*u. Let q be h(1). Calculate the highest common divisor of q and 31.
31
Let m be ((-8)/(-6))/((-2)/(-21)). What is the greatest common factor of m and 182?
14
Let v(d) = -d**2 + 10*d - 6. Let c be v(9). Suppose 0 = -4*n + c*n + 4*h + 129, 5*h - 120 = -n. What is the highest common factor of 50 and n?
25
Suppose 5*f + 61 - 290 = -4*y, -3*y = -5*f - 163. What is the highest common factor of y and 476?
28
Let d(b) = 10*b - 3. Let h be d(2). Suppose 3*y + 6*u = 2*u + 93, 3*u = -5*y + 144. Let n = y - 10. What is the highest common factor of n and h?
17
Suppose -2 = 5*f + 5*w - 17, -2*f - 5*w + 15 = 0. Suppose -g = -f*g - 8. Calculate the highest common divisor of 32 and g.
8
Let g be 4/30 + (-12061)/(-105). What is the highest common divisor of g and 10?
5
Let l(t) = 5*t - 9. Let r(o) = 4*o - 10. Let m(p) = 3*l(p) - 4*r(p). Let u be m(7). What is the highest common factor of 9 and u?
3
Suppose 0 = 4*j - 5*t - 47, 41 = 4*j - t - 2*t. Let o(y) = 3*y - 6. Let l be o(j). Suppose 6*u = 3*u + l. Calculate the highest common divisor of 6 and u.
6
Let p be 20*4/(-48)*-3. Suppose -2*w = 3*w - p. Let t be (1 - 3)/(w/(-3)). What is the highest common factor of t and 54?
6
Let f be 9/(-6)*704/(-33) - -1. Suppose -4*x + 7 + 37 = 0. What is the highest common factor of f and x?
11
Let o be ((-7)/2)/(0 + (-2)/(-4)). Let n(m) = -m + 27. Let u be n(o). What is the greatest common divisor of u and 17?
17
Suppose -4477 + 31 = -57*p. What is the greatest common divisor of p and 6?
6
Let g = -1 + 1. Suppose 2*o + 5*f - 21 = g, 4*f = -5*o + 10 + 68. Let m = 80 + -26. What is the greatest common factor of o and m?
18
Let x(s) = s**2 - 3*s - 29. Let w be x(-8). Calculate the greatest common factor of 59 and w.
59
Let s(c) = c**3 + 13*c**2 + 2*c + 40. Let v be s(-13). What is the greatest common factor of v and 182?
14
Let f = 4 - 2. Let u = -2 - f. Let w(m) = m**2 - m - 7. Let s be w(u). What is the greatest common factor of 91 and s?
13
Let u(n) = -n**3 + n**2 + 14*n + 18. Let l be u(-8). Let a = l - 95. What is the highest common factor of a and 43?
43
Let o = -4 - -4. Suppose p - 12 - 8 = o. Let t be (33/44)/(1*3/20). What is the highest common factor of p and t?
5
Let n(f) = -f**3 + 33*f + 23. Let c be n(-6). What is the highest common divisor of c and 1845?
41
Let l(u) = u**3 + 7. Let d be l(0). Let s be 2/21 - 748/(-84). Suppose -693 = -s*n - 0*n. What is the highest common factor of d and n?
7
Suppose -5*q + 1180 = 5*t, t + 4*q + 4 = 240. Let s = 467 + -633. Let d = s + t. Calculate the greatest common factor of 10 and d.
10
Let d be 1/(-9) + 7800/702. What is the greatest common divisor of 3993 and d?
11
Suppose 647*j - 643*j = 868. Let k be 31 - 0*2/8. What is the highest common divisor of k and j?
31
Let u = 58 + -34. Let a = 1030 - 838. What is the greatest common divisor of u and a?
24
Let x(o) = -6*o + 4. Let r be x(-4). Let p = r + -31. Let c be (p + 7 + -5)*-32. Calculate the highest common factor of 48 and c.
16
Suppose g = 4*z - 14, -2*z = -z - 5. Suppose 6 + g = 4*y, 3*m = 2*y + 42. What is the greatest common factor of 2 and m?
2
Let f be (-3)/(-2) + (-10603)/(-46). What is the highest common factor of 290 and f?
58
Suppose k + 5*f + 10 = 0, -4*f - 8 - 24 = -4*k. Let q = k + -2. Calculate the highest common divisor of q and 12.
3
Suppose -57 = x - 4*x. Suppose -x - 14 = -3*a. Suppose -13 = -2*t + 3*z, -5*t + 46 = 3*z - 6*z. What is the highest common divisor of t and a?
11
Suppose 19 = p + 15*t - 19*t, 5*t + 11 = -3*p. Let a = 2 - -1. Suppose -l = -a*f - 25 + 4, 3*l - 63 = -2*f. What is the highest common factor of p and l?
3
Suppose 2*f - 6 = 20. Let x = 24 - 17. Suppose p - x = 4*h + 16, 5*h = -3*p + 137. What is the highest common divisor of f and p?
13
Let m(h) = h**3 - 3*h**2 - 2*h - 5. Let u be m(4). Let i be (-210)/12*24/(-15)*u. What is the highest common divisor of i and 12?
12
Suppose 15 = 3*y, 2*g + 5 - 28 = 3*y. What is the highest common factor of 133 and g?
19
Let j(a) = a**3 + 21*a**2 - 2*a + 9. Let u be j(-21). Calculate the greatest common divisor of 3 and u.
3
Let d = 94 - 94. Suppose -3*f = 6*x - 11*x - 222, -5*f - 4*x + 333 = d. What is the greatest common divisor of 23 and f?
23
Let c(o) = 2*o - 13 - 2*o + o. Let y be c(11). Let k(j) = j**2. Let m be k(y). What is the greate